n) = 2*n + 4. Let s be y(3). Let w(o) = o**2 + 2*o - 19. What is the units digit of w(s)?
1
Let j = 61 - -328. What is the tens digit of j?
8
Suppose -2*n = 3*j + 79 - 91, 4*n = -3*j + 24. What is the units digit of n?
6
Suppose b - 12 = -3*b - w, -5*b + 15 = 3*w. Suppose -b*r + 5*r + 1120 = 0. What is the tens digit of r/(-42)*3/2?
2
Let o be (-11)/(-7) + 6/14. Suppose -o*p + 5*p = -33. Let y(l) = l**2 + 10*l - 5. What is the units digit of y(p)?
6
Let s(m) = 4*m + 58. Let u(l) = 3*l + 39. Let f(w) = -5*s(w) + 8*u(w). What is the tens digit of f(11)?
6
Let s = 621 + -262. What is the units digit of s?
9
Let k = 1144 - 429. What is the hundreds digit of k?
7
Suppose -h = -3*o + 1085, 3*o + 19*h - 15*h = 1075. What is the tens digit of o?
6
Let l be (-24)/(-36) + (-58)/(-3). Suppose -2*h + 58 = -4*k - l, -5*h + 69 = -3*k. Let p = -4 - k. What is the units digit of p?
4
Let r = -53 + 55. Suppose -3*z = -r*y - z + 222, 0 = -2*y + 5*z + 225. What is the hundreds digit of y?
1
Let d(y) = -y**3 - 7*y**2 + y - 10. Let k be d(-7). Let u(j) = j**3 + 17*j**2 - 5*j + 8. What is the tens digit of u(k)?
9
Let d be (1 + 0)/(16/80). Suppose 5*k + 15 = 2*g, -d*g + 5*k - 3 = -33. What is the units digit of g?
5
Let d be -1*((-3 - -7) + 5). What is the units digit of (-62)/((4/4)/(d/6))?
3
What is the units digit of 4/10 - (7098/(-5) - -4)?
6
Let c = -3912 - -8030. What is the units digit of c?
8
Suppose 2*s - 4*f = 56, 0 = -f - f - 8. Let q = 1 + s. Suppose q + 19 = 4*j. What is the tens digit of j?
1
Suppose 9 - 21 = -4*b. Let x(j) = j**3 - j**2 + j - 4. What is the units digit of x(b)?
7
What is the units digit of (-12)/(-2) + 110998/38?
7
Suppose -2*s + 7*s = 50. What is the units digit of 236/s - (-6)/15?
4
Let v = 665 - 293. What is the units digit of v?
2
Suppose b = -5*s + 35 + 19, b - 14 = -s. Suppose s*t - 755 = 5*t. What is the tens digit of t?
5
Let z be 4/6 - 52/(-12). Suppose 0*o = -o - z*x + 8, 2*x = 0. Suppose o = 3*q - 7, -2*q = -v + 9. What is the tens digit of v?
1
Let o(w) = w + 40. Suppose -2*d = 2*d. Let a be o(d). Suppose -4*p + 3 + 82 = -5*r, 0 = 4*p + 4*r - a. What is the tens digit of p?
1
Let g be (-73)/4*2*(0 + 2). What is the units digit of (-7 + 9)/((-1)/g - 0)?
6
Suppose -3*v + v = -6. Suppose u + 8 = v*u. Suppose 4*z - 6*b + 2*b = 24, -u = z - 3*b. What is the units digit of z?
1
What is the tens digit of 4947/(-204)*(0/1 - 16)?
8
Suppose -5*j + j = 8. What is the units digit of (84/15)/(j/(-10))?
8
Suppose 0*i = -4*i + 20. Suppose -44 = -3*l - 3*j + 2*j, -2*l - i*j = -38. What is the tens digit of l?
1
Suppose -f = -0*f - 3, -4*f + 4080 = 4*q. What is the tens digit of q?
1
Let j(b) = b**3 + 10*b**2 - 9*b + 10. Let x be j(-11). What is the tens digit of 8*7 - x/(0 + 3)?
6
Let b = -13 + 13. Suppose -g + 47 + 6 = b. Let n = g + -28. What is the units digit of n?
5
Let u be 2/(-3) - (-260)/3. Suppose 156 + 162 = -4*v + 5*o, v = -2*o - u. What is the units digit of v/(-4) - (-12)/8?
2
Let v be (-24)/(4/(-5 + 1)). Let a = 30 - v. What is the units digit of a?
6
Suppose 3*x - 12643 = -5*l, 102*x + 4211 = 103*x + 5*l. What is the hundreds digit of x?
2
Let c = -23 + 10. Let k = 53 - c. What is the tens digit of k?
6
Let i = 4224 + -1286. What is the hundreds digit of i?
9
Let p = -23 + 23. Suppose p*i + 39 = 4*j + 5*i, 0 = 5*j - i - 27. Let l = 44 - j. What is the tens digit of l?
3
Let g = -778 - -1255. What is the hundreds digit of g?
4
Suppose -20254 = 23*h - 42*h. What is the thousands digit of h?
1
Let m(o) = -5*o**3 - 3*o**2 - 5*o - 9. Let y(t) = -9*t**3 - 6*t**2 - 9*t - 17. Let i(k) = -5*m(k) + 3*y(k). What is the units digit of i(-4)?
2
Suppose 4*h - 29 = 7. Let l(c) = -c**2 + 10*c - 11. Let b be l(h). What is the tens digit of ((-3)/(-9))/(b/(-294))?
4
What is the tens digit of 1080/(-16)*(498/(-9) + -2)?
7
Let x = -580 - -763. What is the tens digit of x?
8
Suppose 2*w - 731 = -t, -4*t + 2213 = -t - 4*w. What is the hundreds digit of t?
7
Suppose 8*t = -5*j + 3*t + 45, -4*t = 2*j - 28. Suppose 187 = 3*d + j*p, -3*p + 0*p = 15. What is the tens digit of d?
6
Suppose 3*z - y = 31 + 85, 0 = 5*z + 2*y - 197. What is the tens digit of z?
3
Let h = -115 + 131. Suppose 0 = -12*j + h*j - 264. What is the tens digit of j?
6
Suppose 5*l - 5627 = -j, -9004 = -2*j + 4*l + 2292. What is the tens digit of j?
4
Let w(t) = 3*t**2 - t - 2. Let r(i) = -i. Suppose -2*n - 26 = 5*c, 3*n + 5*c - 4 = -33. Let f be r(n). What is the tens digit of w(f)?
2
Let z be (34/10)/((-3)/(-15)). Let f = -38 + z. Let s = 3 - f. What is the units digit of s?
4
Let r(b) = 6*b**3 - b**2 - 2*b + 3. Suppose -4*q = p + 2, q = -4*p + 5*q + 12. What is the units digit of r(p)?
3
Let g(a) = -a**2 - 2*a + 34. Let u be g(-7). What is the units digit of (-38*(1 - 4))/(2 + u)?
4
Let g(u) = 72*u**2 + u + 1. What is the units digit of g(2)?
1
What is the units digit of (-17808)/(-20) - 24/60?
0
Let f = -3595 + 6047. What is the hundreds digit of f?
4
Let u(p) = 9*p**3 + 17*p**2 - 61*p + 9. What is the units digit of u(6)?
9
Suppose -15*m + 20304 - 4554 = 0. What is the units digit of m?
0
Let z = 2 + 2. What is the units digit of 6 - (-2 + -3 + z)?
7
Let m(j) = -j**3 + 11*j**2 + 17*j - 18. Let y be m(12). Suppose 4*f - 7*f + y = 0. What is the tens digit of f?
1
Suppose 0 = -3*l - 3*i + 2232, 5*i = 3*l - l - 1460. What is the hundreds digit of l?
7
Suppose -3577 = -4*q - f, -3*q + 1392 + 1297 = 2*f. What is the tens digit of q?
9
Let p = 62 + -32. Suppose 4*t + 6 - p = 0. What is the units digit of t?
6
What is the hundreds digit of 15/20 + 60438/56?
0
Let g = -90 - -149. Let s(j) = j + 9. Let m be s(-6). Suppose -17 + g = m*t. What is the units digit of t?
4
Let j(q) = 2*q**3 - q**2 + 10*q - 27. What is the units digit of j(3)?
8
Suppose -2*b + 140 = 5*b. Suppose -b*u = -16*u - 320. What is the tens digit of u?
8
Let t(s) = 160*s**2 + 8*s - 5. Let j be t(4). What is the units digit of j/26*(3 - (-2)/(-2))?
9
Let g = -1 + 3. Suppose -y + 6 = g. What is the tens digit of 90/y*(-32)/(-40)?
1
Let s(w) = -w**2 - 25*w + 6. Let c be (-4)/10*-1*-55. What is the units digit of s(c)?
2
Let x be (15/(-20))/((-2)/8). Suppose -z + 12 = -x*z. What is the tens digit of (99/z)/((-4)/8)?
3
Let c be (-22)/(-6) + (-6)/(-18). Let i(w) = -c + 0*w**2 - w**3 + 0*w**2 + w**2 + 27. What is the units digit of i(0)?
3
Suppose -2*k + 59 = 3*g - k, -4*g + 3*k = -57. Suppose -g*n + 56 = -20*n. Let r = n + 70. What is the units digit of r?
2
Let t(c) = -c**3 - 3*c**2 + 6*c - 7. Suppose i - 4 = -i. Suppose 2*f - i*q + 25 = -f, 5*q = -f + 20. What is the tens digit of t(f)?
1
Let v be (-4)/(-34) + 1012/68. Suppose -v*r + 0*r + 165 = 0. What is the units digit of r?
1
What is the hundreds digit of ((-17)/(-34))/((-3)/(-5448))?
9
Let u(n) = 2*n**3 - 21*n**2 - 9*n + 144. What is the thousands digit of u(17)?
3
Suppose -2*t + 5*s - 70 = -7*t, -5*t - 3*s + 66 = 0. Suppose -1670 = 2*k - t*k. What is the tens digit of k?
6
Suppose 4*s = 3*n - 19 + 2, -4*s = -5*n + 23. Suppose n*r - 81 = 141. What is the tens digit of r?
7
Let r(s) = -11*s + 148. What is the hundreds digit of r(0)?
1
Let v = -34 - -28. Let z(q) = -3*q - 18. Let d be z(v). Suppose d + 24 = 8*k. What is the units digit of k?
3
Suppose -1 = l, -h - 3*l + 10 = 2*l. Suppose 4*d - d + f - 10 = 0, -h = -4*d - f. What is the units digit of d?
5
Suppose 0 = o + 2*o - 4*r + 127, 4*r = 5*o + 201. Suppose -2*v + 71 = -65. Let h = v + o. What is the tens digit of h?
3
Let t = -330 + 535. Suppose -20 = 4*o, 0 = -9*b + 4*b + 4*o + t. What is the units digit of b?
7
What is the tens digit of (-15)/(-10) - ((-1372)/8 - 2)?
7
Let f be 75 + 2/(-4)*8. Let m = 117 - f. What is the tens digit of m?
4
Let l(g) be the second derivative of g**5/20 + 17*g**4/12 + 11*g**3/6 + 9*g**2 + 10*g. What is the tens digit of l(-16)?
9
Let f(x) = x**3 + x**2 + 3*x + 2. Let u be f(-2). Suppose -4 - 6 = 5*b. What is the units digit of -8*(b - (-30)/u)?
6
Suppose q + 4*i = -72, 181 = -q - 2*q - 5*i. Let s = q - -14. What is the tens digit of -1 - (-3 - -2) - s?
3
Suppose -4*b - 6 = 3*y, 0*y + 5*y + 10 = -5*b. What is the tens digit of 0 + (1 - -18) + b?
1
Let n = -66 - -420. Let y = n + -68. What is the units digit of y?
6
Suppose 2*c = 2*r + 11 + 91, -c = 3*r + 137. Let i = 18 + r.